{"id":38,"date":"2018-06-12T11:39:29","date_gmt":"2018-06-12T11:39:29","guid":{"rendered":"http:\/\/belchic.de\/?page_id=38"},"modified":"2021-02-10T12:09:57","modified_gmt":"2021-02-10T12:09:57","slug":"datenschutzerklaerung","status":"publish","type":"page","link":"https:\/\/belchic.de\/?page_id=38","title":{"rendered":"Datenschutzerkl\u00e4rung"},"content":{"rendered":"<div class=\"entry-content clear\">\n<p><strong>Datenschutzerkl\u00e4rung<\/strong><\/p>\n<p>Herzlich Willkommen auf unserer Seite und Danke f\u00fcr Ihr Interesse an unserem Unternehmen. Wir legen gro\u00dfen Wert auf den Schutz Ihrer personenbezogenen Daten. Dabei handelt es sich um Informationen \u00fcber pers\u00f6nliche oder sachliche Verh\u00e4ltnisse einer identifizierten oder identifizierbaren Person, wie beispielsweise den Namen, die Anschrift, Telefonnummer oder das Geburtsdatum.<\/p>\n<p>Die auf dieser Seite erhobenen Daten dienen ausschlie\u00dflich dem Zweck der Leistungserbringung dieser Internetseite. Im Folgenden schildern wir, welche personenbezogenen Daten wir w\u00e4hrend Ihres Besuchs auf dieser Seite erfassen.<\/p>\n<p>Die Datenerhebung beim Besuch dieser Seite entspricht den gesetzlichen Regelungen des BDSG (Bundesdatenschutzgesetz), des TMG (Telemediengesetz) sowie der DGVO (Datenschutzgrundverordnung der EU). Ihre personenbezogenen Daten werden ausschlie\u00dflich erhoben, verarbeitet und gespeichert, insoweit es zur vollst\u00e4ndigen Leistungserbringung derselben erforderlich ist. Dies beinhaltet auch die M\u00f6glichkeit der Bearbeitung von Anfragen zu Informationszwecken oder, falls gegeben, die Abwicklung und Bearbeitung von Bestellungen oder Vertr\u00e4gen. Die Erfassung richtet sich hier jedoch ausschlie\u00dflich nach einem vorhandenen, berechtigten Interesse im Sinne des Art. 6 Abs. 1 S.1 lit. f DSGVO oder eines sonstigen Erlaubnistatbestandes. Eine Nutzung Ihrer Daten f\u00fcr etwaige, weitergehende Verwendung gleich welcher Art (beispielsweise zur Erm\u00f6glichung eines Newsletter-Versands) erfolgt ausschlie\u00dflich mit Ihrer gesonderten Einwilligung und unter Nennung der jeweils erhobenen Datenarten.<\/p>\n<p><strong>Verantwortlicher i.S.d. Art. 4 Abs. 7 DSGVO<\/strong><\/p>\n<p>Verantwortlicher im Sinne der DSGVO und anderer nationaler Datenschutzgesetze der Mitgliedsstaaten sowie sonstiger datenschutzrechtlicher Bestimmungen ist:<\/p>\n<p>bel chic<br \/>\nInh. Ren\u00e9 Reifferscheid<br \/>\nM\u00fcnchenerstr. 46<br \/>\n47249 Duisburg<\/p>\n<p>Telefon: 0203 \/ 702670<br \/>\nMail: <a href=\"mailto:info@bigels.de\">info@belchic.de<\/a><\/p>\n<p><strong>Bereitstellung der Website und Erstellung von Logfiles<\/strong><\/p>\n<p>W\u00e4hrend jedes Besuchs bzw. Aufrufs unserer Internetseite werden durch unser System automatisiert Daten und Informationen des aufrufenden Rechners erfasst. Die genannten Daten werden in Form von Logfiles in unserem System gespeichert. Es findet keine gemeinsame Speicherung der genannten Logfiles mit personenbezogenen Daten in unserem System statt, weshalb eine Identifizierung einzelner Besucher unserer Seite nicht stattfindet.<\/p>\n<p>Diese Daten werden dabei erhoben:<\/p>\n<p>Informationen \u00fcber:<\/p>\n<ol>\n<li>den Browsertyp sowie die jeweils verwendete Version,<\/li>\n<li>das verwendete Betriebssystem,<\/li>\n<li>die IP-Adresse des die Seite aufrufenden Ger\u00e4tes<\/li>\n<li>Zugriffsdatum &amp; -zeit<\/li>\n<li>Webseiten, Medien &amp; andere Ressourcen, welche auf dieser Internetseite genutzt bzw. aufgerufen wurden<\/li>\n<li>unmittelbar zuvor besuchte Seiten (sogenanntes Referrer Tracking)<\/li>\n<\/ol>\n<p><strong>Rechtsgrundlage der Verarbeitung personenbezogener Daten<\/strong><\/p>\n<p>Art. 6 Abs.1 lit.f DSGVO (berechtigtes Interesse). Unser berechtigtes Interesse ist die Erreichung des nachstehend aufgef\u00fchrten Zwecks zu gew\u00e4hrleisten.<\/p>\n<p><strong>Sinn &amp; Zweck der Datenverarbeitung<\/strong><\/p>\n<p>Das Anlegen von Logfiles dient dazu, m\u00f6glichst allen Besuchern dieser Seite die vollumf\u00e4ngliche Funktionalit\u00e4t derselben anbieten zu k\u00f6nnen. Zudem dient es der Beseitigung von St\u00f6rungen sowie der Bek\u00e4mpfung m\u00f6glichen Missbrauchs. Die Logfiles sind in diesen Szenarien unverzichtbare Analysehilfen, um auf Fehler oder Missbrauch in Form von beispielsweise Angriffen auf das System, angemessen und m\u00f6glichst zeitnah reagieren zu k\u00f6nnen. Auch f\u00fcr die weitere Optimierung unserer Internetpr\u00e4senz f\u00fcr unsere Webseitenbesucher sind die Logfiles hilfreiche Ressourcen.<\/p>\n<p><strong>Dauer der Speicherung<\/strong><\/p>\n<p>Die genannten Daten werden gel\u00f6scht, sobald diese im Rahmen des oben aufgef\u00fchrten Verwendungszwecks nicht mehr ben\u00f6tigt werden, sp\u00e4testens aber 3 Monate nach Abruf unserer Internetseite.<\/p>\n<p><strong>Widerspruchs- und Beseitigungsm\u00f6glichkeit<\/strong><\/p>\n<p>Siehe dazu weiter unten: Generelle Regelungen datenschutzrechtliches Widerspruchsrecht &amp; L\u00f6schungsanspruch.<\/p>\n<ul>\n<li><strong>Besondere Funktionen dieser Internetseite<\/strong><\/li>\n<\/ul>\n<p>Im Rahmen der Nutzung unserer Internetseite werden unseren Besuchern verschiedene Funktionen angeboten. Deren Nutzung macht es erforderlich, verschiedene, personenbezogene Daten von Ihnen zu erfassen, zu verarbeiten und zu speichern. Das geschieht mit Ihren Daten dabei:<\/p>\n<ul>\n<li><strong>Webtracker zur statistischen Auswertung der Besuche dieser Internetseite<\/strong><\/li>\n<\/ul>\n<p>Bei Besuch bzw. Aufruf dieser Internetseite oder eines der zugeh\u00f6rigen Elemente oder Dateien werden folgende Zugriffsdaten des Besuchers erhoben, verarbeitet und gespeichert: die IP-Adresse, die Adresse der Webseite, von der aus die Datei abgerufen wurde, Name der Datei, Datum und Uhrzeit des Abrufs, auch die Datenmenge und eine Meldung \u00fcber den Erfolg des Abrufs (Web Log).<\/p>\n<p>Die hier aufgef\u00fchrten Daten werden durch uns grunds\u00e4tzlich und ausschlie\u00dflich in einer nicht personalisierten Form zur Verbesserung der Seitenqualit\u00e4t sowie zu statistischen Zwecken verwendet.<\/p>\n<p>Eingesetzt werden folgende Webtracker:<\/p>\n<ul>\n<li><strong>Webtracker: Google-Analytics <\/strong><\/li>\n<\/ul>\n<p><strong>Umfang der Verarbeitung personenbezogener Daten<\/strong><\/p>\n<p>Diese Seite nutzt \u201aGoogle-Analytics\u2018, einen Webtracking-Service des Unternehmens Google LLC, 1600 Amphitheatre Park in 94043 Mountain View, USA. Google-Analytics verteilt an Besucher dieser Seite sogenannte Webtracking Cookies. Diese werden auf Ihrem Computer gespeichert, um Analysen der Nutzung dieser Internetseite durch unsere Besucher zu erm\u00f6glichen. Dank der Analyse dieser Daten k\u00f6nnen wir diese Internetseite und deren Angebote st\u00e4ndig f\u00fcr Sie verbessern. Die durch Google Analytics auf dieser Seite erhobenen Daten umfassen neben den Nutzeraktivit\u00e4ten auch die jeweilige IP-Adresse des Besuchers. Diese Daten werden auch an Server des Unternehmens Google LLC \u00fcbertragen, dort verarbeitet und gespeichert. Diese Server liegen au\u00dferhalb der Europ\u00e4ischen Union und damit der europ\u00e4ischen Gerichtsbarkeit.<\/p>\n<p>Google-Analytics bietet die M\u00f6glichkeit einer Anonymisierung der bei Ihrem Besuch erfassten IP-Adresse. Diese Option ist f\u00fcr diese Internetseite aktiviert, die Anonymisierung der IP-Adressen findet VOR einer \u00dcbertragung Ihrer Daten statt (IP-Masking).<\/p>\n<p><strong>Rechtsgrundlage der Verarbeitung personenbezogener Daten<\/strong><\/p>\n<p>ist Ihre Einwilligung nach Art. 6 Abs.1 lit.a DSGVO, dies geschieht entweder w\u00e4hrend des Registrierungsprozesses (Er\u00f6ffnung eines Google-Accounts sowie Annahme der entsprechenden Datenschutzhinweise) bei Google. Ohne eine Registrierung ihrerseits bei Google ist Ihre explizite Einwilligung beim \u00d6ffnen unserer Seite notwendig.<\/p>\n<p><strong>\u00a0<\/strong><\/p>\n<p><strong>Sinn &amp; Zweck der Datenverarbeitung<\/strong><\/p>\n<p>In unserem Auftrag nutzt Google die gesammelten und \u00fcbermittelten Daten dazu, Ihren Besuch auf dieser Internetseite auszuwerten, Berichte \u00fcber die Websiteaktivit\u00e4ten zu erstellen und weitere mit der Nutzung dieser Seite und anderer im Zusammenhang stehende Dienstleistungen f\u00fcr uns zu erbringen. Die von Google-Analytics \u00fcbermittelte IP-Adresse wird nicht mit anderen Daten der Google LLC zusammen verwendet.<\/p>\n<p><strong>Dauer der Speicherung<\/strong><\/p>\n<p>Die von Google Analytics gesammelten und \u00fcbermittelten Webtrackingdaten werden von Google nur solange gespeichert, wie diese zur Nutzung des Webservice ben\u00f6tigt werden. Sowohl die Datenerhebung, als auch die Datenspeicherung erfolgt anonymisiert, falls doch einmal ein Personenbezug erkennbar sein sollte, werden die betreffenden Daten ohne Verzug gel\u00f6scht. Zu beachten sind hier jedoch etwaige gesetzliche Aufbewahrungspflichten. Eine L\u00f6schung erfolgt immer nach Ablauf der Aufbewahrungspflicht.<\/p>\n<p><strong>Widerspruchs- &amp; Beseitigungsm\u00f6glichkeit<\/strong><\/p>\n<p>Die Ausf\u00fchrung von Script-Code in Ihrem Browser und damit unter anderem die Erfassung Ihrer IP-Adresse durch Google-Dienste k\u00f6nnen Sie deaktivieren, indem Sie Script-Blocker-Software in Ihrem Browser installieren (zum Beispiel: www.ghostery.com, www.noscript.net). Eine weitere M\u00f6glichkeit, zu versuchen, die Datenerfassung zu verhindern ist die Nutzung der \u201eDo Not Track\u201c Einstellung Ihres Browsers.<\/p>\n<ul>\n<li><strong>Kontaktformular(e)<\/strong><\/li>\n<\/ul>\n<p><strong>\u00a0<\/strong><\/p>\n<p><strong>Umfang der Verarbeitung personenbezogener Daten<\/strong><\/p>\n<p>In Kontaktformulare auf dieser Seite eingegebene Daten.<\/p>\n<p><strong>\u00a0<\/strong><\/p>\n<p><strong>Rechtsgrundlage der Verarbeitung personenbezogener Daten<\/strong><\/p>\n<p>Die \u201astillschweigende Einwilligung\u2018 \u2013 Art. 6 Abs. 1 lit.a DSGVO<\/p>\n<p><strong>\u00a0<\/strong><\/p>\n<p><strong>Zweck der Datenverarbeitung<\/strong><\/p>\n<p>Die in Kontaktformularen dieser Seite eingegebenen und \u00fcbermittelten Daten werden ausschlie\u00dflich f\u00fcr die Bearbeitung der entsprechenden, konkreten Kontaktanfrage verwendet.<\/p>\n<p><strong>\u00a0<\/strong><\/p>\n<p><strong>Dauer der Speicherung<\/strong><\/p>\n<p>Im Anschluss an die Bearbeitung der Anfrage werden, soweit keine gesetzlichen Aufbewahrungsfristen das verhindern, die erhobenen Daten unverz\u00fcglich gel\u00f6scht.<\/p>\n<p><strong>Widerspruchs- und Beseitigungsm\u00f6glichkeit<\/strong><\/p>\n<p>Siehe dazu weiter unten: Generelle Regelungen datenschutzrechtliches Widerspruchsrecht &amp; L\u00f6schungsanspruch.<\/p>\n<ul>\n<li><strong>Die Nutzung von Cookies<\/strong><\/li>\n<\/ul>\n<p><strong>Umfang der Verarbeitung personenbezogener Daten<\/strong><\/p>\n<p>Wir verwenden auf unseren Seiten h\u00e4ufig sogenannte Cookies, diese helfen uns dabei, Ihnen bestimmte Funktionen unserer Website anbieten zu k\u00f6nnen. Cookies sind kleine Textdateien, welche der verwendete Browser auf Ihrem Zugangsger\u00e4t ablegen kann. Diese Textdateien erm\u00f6glichen nach dem Setzen derselben eine eindeutige Identifizierung des verwendeten Browsers beim erneuten Aufrufen der Website.<\/p>\n<p><strong>Rechtsgrundlage der Verarbeitung personenbezogener Daten<\/strong><\/p>\n<p>Unser berechtigtes Interesse nach Art. 6 Abs.1 lit. f DSGVO ist die Erhaltung der vollst\u00e4ndigen Funktionsf\u00e4higkeit dieser Internetseite, eine stetige Verbesserung der UX (User Experience) und der zielgruppengerechten Kundenansprache. Auf unseren Seiten ist eine Identifizierung von Seitenbesuchern mit Hilfe von Cookies nur m\u00f6glich, wenn der Seitenbesucher uns vorher eine gesonderte und explizite Einwilligung zur Erfassung und Auswertung dieser Daten gegeben hat.<\/p>\n<p><strong>Sinn &amp; Zweck der Datenverarbeitung<\/strong><\/p>\n<p>Diese Webseite setzt Cookies, um Ihnen die vollst\u00e4ndigen Funktionen unserer Internetseite bieten und erhalten zu k\u00f6nnen. Auch die Bedienbarkeit soll mithilfe der gesetzten Cookies verbessert werden. Sogenannte Session-Cookies dienen dazu, einzelne Webseitenbesucher durch den Einsatz eines bei erstmaligem Besuch vergebenen Pseudonyms wiederzuerkennen, so dass es uns m\u00f6glich ist, individuellere Leistungen wie die erfolgreiche R\u00fcckkehr von einem einzelnen Artikel zu einer zuvor zusammengestellten Suchliste aus Artikeln anzubieten.<\/p>\n<p><strong>Dauer der Speicherung<\/strong><\/p>\n<p>Cookies verbleiben entweder bis zur L\u00f6schung in Ihrem Browser oder aber bis die Session eines Session-Cookies abgelaufen ist.<\/p>\n<p><strong>Widerspruchs- und Beseitigungsm\u00f6glichkeit<\/strong><\/p>\n<p>Alle g\u00e4ngigen Browser erm\u00f6glichen es den Nutzern, das Setzen von Cookies generell zu verhindern. Je nach Einstellung werden Sie dann lediglich \u00fcber Cookie-Anfragen informiert, \u00fcber die Annahme derselben entscheiden Sie selbst. Sie haben nat\u00fcrlich auch die M\u00f6glichkeit, die Annahme von Cookies durch Ihren Browser grunds\u00e4tzlich zu akzeptieren und die entsprechende Einstellung vorzunehmen. Um die vollst\u00e4ndige Funktionalit\u00e4t unserer Webseite(n) und deren Services zu erm\u00f6glichen, empfehlen wir Ihnen die Annahme von Cookies unserer Seiten.<\/p>\n<p>Im Folgenden die <strong>Widerspruchs- &amp; Beseitigungsm\u00f6glichkeiten<\/strong>der generellen Regelungen zum datenschutzrechtlichen Widerspruchsrecht und L\u00f6schungsanspruch.<\/p>\n<ul>\n<li><strong>Generelle Regelungen datenschutzrechtliches Widerspruchsrecht &amp; L\u00f6schungsanspruch<\/strong><\/li>\n<\/ul>\n<p><strong>Datensicherheit &amp; Datenschutz, Kommunikation per E-Mail<\/strong><\/p>\n<p>S\u00e4mtliche durch\/auf unseren Seiten erfassten, gespeicherten und verarbeiteten, personenbezogenen Daten unserer Besucher sind f\u00fcr Dritte nicht zug\u00e4nglich und werden mittels technischer wie organisatorischer Ma\u00dfnahmen gesch\u00fctzt. Bei der \u00dcbertragung sch\u00fctzenswerter und sensibler Daten \u00fcber unverschl\u00fcsselte Emails k\u00f6nnen wir die Sicherheit dieser Daten nicht gew\u00e4hrleisten. Wir empfehlen in diesen F\u00e4llen unbedingt eine verschl\u00fcsselte Kommunikation, sprechen Sie uns an, gemeinsam finden wir eine L\u00f6sung.<\/p>\n<p><strong>Widerruf von Einwilligungen\/Datenausk\u00fcnfte &amp; \u00c4nderungsw\u00fcnsche\/L\u00f6schung &amp; Sperrung von Daten<\/strong><\/p>\n<p>Einmal pro Jahr k\u00f6nnen Sie von Ihrem Recht Gebrauch machen, eine unentgeltliche Auskunft \u00fcber Ihre gespeicherten Daten von uns zu fordern. Sie haben auch das Recht, jederzeit auf einer L\u00f6schung, Sperrung oder Korrektur Ihrer gespeicherten Daten bei uns zu bestehen. Falls keine gesetzlichen Regelungen dagegenstehen, werden wir nach Eingang Ihres ersten L\u00f6schungsantrags Ihre Daten l\u00f6schen. Ebenso haben Sie die M\u00f6glichkeit, jederzeit eine uns zuvor erteilte Erlaubnis, Ihre pers\u00f6nlichen Daten zu nutzen, zu widerrufen. Antr\u00e4ge auf L\u00f6schung, Auskunft oder Korrektur Ihrer Daten k\u00f6nnen Sie jederzeit an folgende Adresse senden:<\/p>\n<p>bel chic<br \/>\nInh. Ren\u00e9 Reifferscheid<br \/>\nM\u00fcnchenerstr. 46<br \/>\n47249 Duisburg<\/p>\n<p>Telefon: 0203 \/ 702670<br \/>\nMail: <a href=\"mailto:info@bigels.de\">info@belchic.de<\/a><\/p>\n<p><strong>Beschwerderecht bei der Aufsichtsbeh\u00f6rde gem. Art. 77 I DSGVO<\/strong><\/p>\n<p>Falls Sie den Verdacht haben, dass auf unseren Seiten nicht gesetzeskonform mit Ihren daten umgegangen wird, wenden Sie sich bitte an die zust\u00e4ndige Aufsichtsbeh\u00f6rde. Das sogenannte Beschwerderecht steht Ihnen in dem EU-Mitgliedstaat Ihres Aufenthaltsortes, Ihres Arbeitsplatzes und\/oder des Orts des vermeintlichen Versto\u00dfes zu. Entsprechend k\u00f6nnen Sie die zust\u00e4ndige Aufsichtsbeh\u00f6rde w\u00e4hlen. Haben Sie Beschwerde eingereicht unterrichtet Sie die dann zust\u00e4ndige Aufsichtsbeh\u00f6rde weiter \u00fcber Stand und eventuelle Ergebnisse Ihrer Eingabe, dies schlie\u00dft die M\u00f6glichkeit eines gerichtlichen Rechtsbehelfs nach Art. 78 DSGVO ein.<\/p>\n<\/div>\n","protected":false},"excerpt":{"rendered":"<p>Datenschutzerkl\u00e4rung Herzlich Willkommen auf unserer Seite und Danke f\u00fcr Ihr Interesse an unserem Unternehmen. Wir legen gro\u00dfen Wert auf den Schutz Ihrer personenbezogenen Daten. Dabei handelt es sich um Informationen \u00fcber pers\u00f6nliche oder sachliche Verh\u00e4ltnisse&hellip; <a href=\"https:\/\/belchic.de\/?page_id=38\">Mehr<\/a><\/p>\n","protected":false},"author":1,"featured_media":0,"parent":0,"menu_order":0,"comment_status":"closed","ping_status":"closed","template":"","meta":{"footnotes":""},"class_list":["post-38","page","type-page","status-publish","hentry"],"_links":{"self":[{"href":"https:\/\/belchic.de\/index.php?rest_route=\/wp\/v2\/pages\/38","targetHints":{"allow":["GET"]}}],"collection":[{"href":"https:\/\/belchic.de\/index.php?rest_route=\/wp\/v2\/pages"}],"about":[{"href":"https:\/\/belchic.de\/index.php?rest_route=\/wp\/v2\/types\/page"}],"author":[{"embeddable":true,"href":"https:\/\/belchic.de\/index.php?rest_route=\/wp\/v2\/users\/1"}],"replies":[{"embeddable":true,"href":"https:\/\/belchic.de\/index.php?rest_route=%2Fwp%2Fv2%2Fcomments&post=38"}],"version-history":[{"count":3,"href":"https:\/\/belchic.de\/index.php?rest_route=\/wp\/v2\/pages\/38\/revisions"}],"predecessor-version":[{"id":283,"href":"https:\/\/belchic.de\/index.php?rest_route=\/wp\/v2\/pages\/38\/revisions\/283"}],"wp:attachment":[{"href":"https:\/\/belchic.de\/index.php?rest_route=%2Fwp%2Fv2%2Fmedia&parent=38"}],"curies":[{"name":"wp","href":"https:\/\/api.w.org\/{rel}","templated":true}]}}